. Calculate the remainder when a is divided by o.
2
Let u = -13 - -16. Suppose 1 = -f - u*t + 15, -2*f + t + 28 = 0. What is the remainder when ((-4)/10)/(2/(-340)) is divided by f?
12
Let l(f) = 7*f**3 + f**2 - 2*f + 6. Calculate the remainder when 308 is divided by l(2).
60
Suppose 5*g + 15 = 2*g, -5*k + 3*g + 30 = 0. Let t = k + 15. What is the remainder when 33 is divided by t?
15
Let w be 2/9 - 704/(-72). Suppose -5*y - 45 = -5*f, 26 - w = 4*f + y. Let c = -28 + 42. Calculate the remainder when c is divided by f.
4
Suppose 3*u = u + 5*k + 9, -80 = -5*u + k. What is the remainder when 98 is divided by u?
13
Let d be ((-1)/(-4)*4)/((-2)/(-50)). Suppose 3*j - d = 50. What is the remainder when j is divided by 17?
8
Let k(c) = 3*c - 29. Let q be k(16). Suppose m - 3 = q. What is the remainder when m is divided by 13?
9
What is the remainder when 6/39 - 544/(-13) is divided by 16?
10
Suppose 3*i + s = -i + 49, 3*i + 5*s - 41 = 0. Suppose 0 = j - i + 6. Calculate the remainder when 28 is divided by j.
4
Suppose 1 = m, 0*m - 4 = -q - m. Calculate the remainder when 73 is divided by q.
1
Let t(a) = 5*a - 1. What is the remainder when -6*(-11 + 7 + -5) is divided by t(4)?
16
Let a(s) = s**2 + 9*s - 1. What is the remainder when a(-10) is divided by 6?
3
Let p(a) = a**2 - 3*a - 55. What is the remainder when 90 is divided by p(-7)?
0
Let k(b) = -b**3 - 2*b**2 - b + 3. Let y be k(-3). Suppose j = -u, -u + y = u - j. Suppose -10 = -5*g + u. What is the remainder when 13 is divided by g?
1
Let p be (-266)/(-2) - (30/5 + -9). Let u = p + -89. Let n(g) = 3*g**2 - 2*g + 3. Calculate the remainder when u is divided by n(3).
23
Let c(k) = -k**3 - 21*k**2 - 2*k + 6. What is the remainder when c(-21) is divided by 242/14 + 6/(-21)?
14
Suppose -3*s = -2*w + 180, w = -s + 50 + 35. Calculate the remainder when 1564 is divided by w.
85
Suppose 0 = 23*h - 31*h + 6600. What is the remainder when h is divided by 13?
6
Let y be (-3)/(5 + -2)*-5. Suppose -y*g = 4*v - 249, -4*v = g + 3*g - 248. Calculate the remainder when v is divided by ((-9)/(-18))/(1/42).
19
Suppose o + 5*y + 0 = 3, 2*o - 4*y = 76. Let i(l) = 2*l**2 + 25*l + 79. Calculate the remainder when o is divided by i(-4).
6
Let x = -31 - -122. Let o = x + -64. What is the remainder when 133 is divided by o?
25
Let y = 21 - 22. What is the remainder when (-8)/6*(-28 - 2) is divided by 405/18 + y/2?
18
Let k = 2267 + -1921. Calculate the remainder when k is divided by 35.
31
Let s = -77 + 72. What is the remainder when 123 is divided by s/(-1) + (-143)/(-11)?
15
Let w = -2055 - -2067. Calculate the remainder when 107 is divided by w.
11
Let w(l) = l**2 - 2*l + 64. Let m be w(0). Let p = m - 49. What is the remainder when 35 is divided by p?
5
Calculate the remainder when 2/(1160/(-195) - -6) is divided by 13.
0
Let u = 26 - 9. Let a = 289 - 259. What is the remainder when a is divided by u?
13
Let z = 37 - 29. Let f(x) = -x - 1. Let a be f(-6). Suppose -a*l + 0*k + 120 = -5*k, 4*l + 3*k = 82. What is the remainder when l is divided by z?
6
Suppose -162 = -62*j + 59*j. Let w(a) = 6*a - 4. Let g(m) = 4*m**2 - 2*m + 1. Let v be g(1). Calculate the remainder when j is divided by w(v).
12
Let d = -610 + 1234. Suppose -5*i = i - d. Calculate the remainder when i is divided by 21.
20
Let u = 25 + -17. What is the remainder when u is divided by (0 - -1) + 22/11 - -2?
3
Let n(o) = -o**3 - 6*o**2 + 4. Let s be n(-6). Let b = -2 + s. Suppose -9 = -3*j - 5*h, b*j + j - 36 = 4*h. Calculate the remainder when 22 is divided by j.
6
Let g be 42 + (-3 + 4 - 3). Let w = -16 + g. Calculate the remainder when w is divided by -2*6/(-4)*3.
6
Suppose 2*i = 2*l - 26, -3*l + 3*i = -7*l + 80. What is the remainder when 61 is divided by l?
10
What is the remainder when (2/(-4))/1 + 1316/56 is divided by 6?
5
Suppose c = -4*u + 15 - 2, -3*u = -5*c - 27. Suppose 52 = u*t - 96. Let v = t + -1. Calculate the remainder when v is divided by 13.
10
Suppose 7*y - 1591 = -30*y. Calculate the remainder when y is divided by 9.
7
Calculate the remainder when 37 is divided by 0/9 - 3*(-1 + -2).
1
Let h be ((-28)/12)/((-1)/(-3)). Let i be h/(-1) + 9 + -12. Calculate the remainder when (-3)/i + 1729/28 is divided by 16.
13
Let d(l) = 4*l**3 + l**2 + 6*l + 2. Let y(a) = a**3 + a. Let b(t) = -d(t) + 6*y(t). Calculate the remainder when (4 + 34)/(-1 - -3) is divided by b(2).
9
Suppose -73 = -2*p + 5*x, 3*x = -5*p + 67 + 38. Let a = 48 - p. Let h = 671 + -658. Calculate the remainder when a is divided by h.
11
Let w = -34 + 75. What is the remainder when w is divided by (88/(-12))/(2/(-6))?
19
Let m(y) = 7*y + 3. Suppose -160 = 9*l - 14*l. What is the remainder when l is divided by m(2)?
15
Suppose -12 = -9*k + 15. Calculate the remainder when 28 is divided by (-60)/(-9) + (-2)/k.
4
Let d = 18 + -2. Suppose -8*k + 4*k = -d. Suppose 61 = k*a - 35. Calculate the remainder when a is divided by 9.
6
What is the remainder when 23 is divided by 8 - 52/(-14) - (-4)/14?
11
Suppose 63 - 21 = x. Suppose 8*f - 12 - 4 = 0. Suppose -f*r - 2*r = -44. What is the remainder when x is divided by r?
9
Let h = -1285 + 1413. What is the remainder when h is divided by 44?
40
Let v = -25 - -143. What is the remainder when v is divided by 21?
13
Let t = -301 + 311. Let c(s) = -s**3 - 4*s**2 + 6*s + 6. Let x be c(-5). Let m(z) = 20*z**2 - z. Calculate the remainder when m(x) is divided by t.
9
Let d(v) = 2*v**2 - 4*v - 7. Let j be d(-2). Suppose j = c + 11. Let x = 12 - c. What is the remainder when 37 is divided by x?
9
Suppose 5*h = -10, -4*m + 5*m - 98 = 2*h. What is the remainder when m is divided by 19?
18
Suppose -46 = -m + 5*d, -5*d + 410 = 4*m + 101. Let p(i) = i**3 - 2*i**2 + 6*i - 3. Let x = -7 + 10. What is the remainder when m is divided by p(x)?
23
Let n = -137 - -137. Suppose 0 = -5*z - 2*r + 265, -4*z + 5*z + 2*r - 53 = n. Calculate the remainder when z is divided by 11.
9
Suppose 3*j + 47 = -j + 3*p, -3*p + 55 = -5*j. Calculate the remainder when 28 is divided by 410/40 + 2/j.
8
Let j = 19 - -8. What is the remainder when 11956/147 + 8/(-6) is divided by j?
26
Suppose 0 = m + 6*m - 49. Suppose 0 = -2*f + f + 5*w + m, -2*w - 81 = -5*f. Calculate the remainder when 66 is divided by f.
15
Let x = -102 + 183. What is the remainder when x is divided by 31?
19
Suppose -20*p + 16*p - 137 = -n, -2*n = -p - 274. Calculate the remainder when n is divided by 39.
20
Let v be 2/3*(1 - 10). What is the remainder when -251*2/v - 10/15 is divided by 21?
20
Let p(v) be the first derivative of -4 - 81*v**2 - v + 83*v**2 + 8. What is the remainder when p(4) is divided by 8?
7
Suppose -13*p + 378 = -7*p. What is the remainder when 9 is divided by 4/18 - (-175)/p?
0
Suppose 0 = 3*u - 3*l + 9, 4*u + 15 = u + 5*l. Suppose 2*v - 4*i = 10, -2*v = -u*v + i - 15. What is the remainder when 20 is divided by v?
6
Let y = -45 - -74. Suppose -o = c - 21, 5*c + 4*o = 72 + y. Calculate the remainder when c is divided by 10.
7
Let y(u) = u**3 + 9*u**2 + 4*u - 6. Let f be y(-7). Suppose 2*x - 14 = f. Calculate the remainder when x is divided by 10.
9
Suppose -2*b - 68 = -3*q + 260, b = q - 111. What is the remainder when q is divided by 16?
10
What is the remainder when -1*(-360)/(-21)*((-5)/(-15) - 5) is divided by 1/((-82)/84 + 1)?
38
Let f(w) = -13*w + 72. What is the remainder when (-3 + 2)/(-1)*41 is divided by f(5)?
6
Let s(z) = -z**2 + 2. Let p be s(2). Let u be (-9)/(p/4 + 2). Calculate the remainder when 71 is divided by 135/u*(-8)/10.
17
Let w = 922 + -386. What is the remainder when w is divided by 11?
8
Let c(i) = -i**2 - 8*i + 38. Let l(v) = -v + 1. Let o(d) = -c(d) + 6*l(d). What is the remainder when 63 is divided by o(-8)?
15
Let y be 7/1 + 0 + -2. Suppose -2*j - 52 = 2*j - 2*v, -4*v = y*j + 39. Let w = 13 + j. Calculate the remainder when w is divided by 1.
0
Let r be 2/(-5) - 104/(-10). Let m = 13 - r. Suppose 3*v - m*s = 9, -4*v - 2*s = -s - 37. Calculate the remainder when 30 is divided by v.
6
Suppose -38 = -2*w - 4. What is the remainder when ((-2)/(-2))/((-4*(-5)/(-60))/(-9)) is divided by w?
10
Suppose -3*i + 154 = -5*l, -2*l + 34 - 1 = i. What is the remainder when i is divided by 27?
16
Let n = 3 - -1. Suppose -n*d + 384 = -d. What is the remainder when 19 is divid